 Suppose 5*v = 3*v + 6. Calculate the greatest common divisor of v and d.
3
Let c(u) = -u**2 - 26*u + 305. Let g be c(9). Let y be 14/g + 396/15. Calculate the highest common divisor of 500 and y.
25
Suppose 153*p - 149*p + 4*k - 5988 = 0, 0 = 2*p - 5*k - 3050. Calculate the highest common divisor of 385 and p.
35
Let o be (-2 + 0 - -4)*(-20)/(-4). Suppose 7*q - 3*s - 2 = 6*q, -5*q - 5*s + o = 0. Calculate the greatest common divisor of q and 31.
1
Let w be (-9)/(63/20930) + -2 + 2. Let k be -2 + 3 + w/(-10). Calculate the highest common factor of k and 120.
60
Let t = -41 - -53. Let d be 22/t + (-2)/(-12). Let a be d/(-3) + (-7)/((-63)/2166). Calculate the highest common divisor of a and 30.
30
Suppose -7127 - 543 = -5*b + 3715. What is the highest common divisor of 198 and b?
99
Let w(j) = 2*j**3 + 10*j**2 + 5*j + 18. Let q be w(0). What is the highest common divisor of q and 4014?
18
Suppose -10*y + 117 = -y. Let a = 2 + 3. Suppose -a*c - 38 = -z - 2*c, -114 = -5*z - 4*c. Calculate the highest common divisor of z and y.
13
Let p = -131 - -60. Let j be (p - -20)/(0 - 1). Let y = j + -37. Calculate the highest common factor of y and 2.
2
Let n = 18 + -18. Suppose -f - 2*f = n. Suppose 5*k + s = 88, -3*s - 96 = -5*k - f*s. Calculate the greatest common divisor of 144 and k.
18
Let a(d) = 15*d**3 + 5*d**2 - 9*d + 4. Let r(j) = j**3 - 13*j**2 - 31*j + 17. Let h be r(15). Let v be a(h). Calculate the highest common divisor of 18 and v.
18
Suppose -624 = -6*v - 0*v. Suppose 0 = -33*f + 37*f - v. What is the highest common divisor of 14 and f?
2
Let d(i) = -i**3 + 22*i - 27. Let k(p) = 2*p**3 - p**2 - 44*p + 53. Let y(g) = 5*d(g) + 3*k(g). Let j be y(7). What is the highest common factor of j and 165?
33
Suppose 5*b + 2201 = 2*o, -97*b = 5*o - 83*b - 5264. Calculate the greatest common factor of o and 1568.
98
Let j = 5379 - 4959. What is the greatest common factor of j and 180?
60
Suppose -56*v = 31*v - 62*v - 1950. What is the highest common divisor of 533 and v?
13
Suppose 2*u + i - 532 = -3*i, 0 = -u + 5*i + 266. Let m be (-162)/(-1) + -531 + 521. Calculate the greatest common divisor of m and u.
38
Let k(z) = -2*z**3 - 24*z**2 - 135*z + 22. Let v be k(-10). Let n be (1 - v/3)/(-1) - -1. What is the greatest common factor of 135 and n?
27
Let o = -1157 - -1729. Let d be 0 + (-3 + 4 - -51). What is the greatest common divisor of o and d?
52
Let v be 1 - (0 + -1) - -182. Let g(u) = -2*u**2 + 98*u + 1966. Let w be g(64). Calculate the highest common divisor of v and w.
46
Let o = 5167 - 5152. What is the highest common factor of 1415 and o?
5
Let l be (0 - -5*1)/((-10)/(-12)). Suppose 0 = -l*y + 1 + 5. What is the highest common divisor of y and 2?
1
Suppose 200*o - 3562 = 63*o. What is the highest common factor of o and 35386?
26
Let j(c) = 19*c + 2. Let t be j(2). Suppose -2*o = -0*y - 5*y - 146, -2*y = 4*o - 316. Suppose 2*b + 30 = o. What is the highest common divisor of b and t?
8
Let j = 65 - 55. Suppose j*w - 2080 = -3*w. Calculate the highest common divisor of 64 and w.
32
Let f(b) = -b**3 - 24*b**2 - 28*b + 136. Let o be f(-28). Calculate the highest common divisor of 48 and o.
24
Let z = 2 + 6. Suppose -5*l - j + 71 = 0, 2*j + 60 = 4*l - z. Let s = -7774 + 7779. What is the highest common divisor of s and l?
5
Let s(j) = 6*j**2 + 78*j + 8. Let u be s(-13). Let d be (6/(-5))/(u/(-380)). Calculate the highest common divisor of d and 456.
57
Suppose -5*r - 66 = o, -2*r - 17 = -4*o + 5. Let k = -17 + r. Let v be 20/k + 64/6. Calculate the greatest common factor of 10 and v.
10
Let n = -266 + 651. What is the highest common divisor of n and 1485?
55
Let s = 191 + -187. Suppose 2*a - 11 = t + 10, -s = -3*a - 4*t. What is the highest common factor of a and 24?
8
Suppose v + 2*v = -3*z, 0 = 4*v. Suppose -3*i + 2*i = 4, 4*w + 3*i - 324 = z. What is the highest common divisor of w and 224?
28
Let j(x) = -421*x - 7830. Let c be j(-31). What is the highest common divisor of 161 and c?
23
Let p = -689 - -692. Calculate the highest common factor of p and 133.
1
Let p = -4546 + 5140. What is the highest common factor of 1914 and p?
66
Suppose 4 = -15*n + 16*n. Suppose -2*g - n*g = 18. Let k be (6/9)/(g/(-54)). Calculate the highest common factor of 108 and k.
12
Suppose 3276 = 5*b - 2*f, -2847 + 889 = -3*b + 5*f. What is the greatest common factor of b and 256?
16
Suppose -2*k - 48 = -96. Let w(c) = c**2 + 21*c + 7. Let m be w(-21). Suppose 0 = 2*a - 5 - m. Calculate the highest common divisor of a and k.
6
Let d be 13 + 20/((-280)/(-1386)). Let j(x) = -2*x**2 + 2*x + 8 + 5*x + x**3 - 5*x**2 + 0*x. Let p be j(6). Calculate the highest common divisor of d and p.
14
Suppose 5 = -2*l - 5*q, -21*l + 20*l = 4*q + 4. Let f be l + 42/6 + 289. What is the greatest common divisor of 111 and f?
37
Let h = 92 - 15. Let z = h - 55. Let b = -4 + z. Calculate the highest common divisor of b and 6.
6
Suppose 0 = 5*a - 4*a - 5, 5*j + 2*a = 260. Suppose 52*v - j*v = 40. Calculate the highest common divisor of v and 70.
10
Let a be (-84)/9*(-105)/10. Suppose 1709 = 13*m - 8*m + 3*o, m - 333 = -5*o. What is the greatest common divisor of a and m?
49
Let v(m) = m**3 + 25*m**2 - 30*m - 43. Let c be v(-26). Suppose 3*n + 147 = -0*n. Let a = c + n. What is the highest common divisor of a and 36?
12
Suppose -2*p + 37 = x, 5*p - 129 = -5*x - 34. Let f(n) = 23*n - 3. Let o be f(3). What is the greatest common divisor of o and p?
6
Let c be 763484/20 - (-92)/115. What is the highest common divisor of 50 and c?
25
Let k = 191 + -193. Let y be k/(-22) + 3528/396. What is the greatest common divisor of y and 3?
3
Let p = 504 + -596. Let l = p + 112. Let d be 6*(2/(-3))/(-1). Calculate the greatest common factor of l and d.
4
Suppose -3 - 3 = g. Let w be (-200)/g - 255/(-153). What is the greatest common factor of 21 and w?
7
Let o(n) = 33*n - 9. Let y(m) = -m**3 - 12*m**2 - 21*m - 9. Let i be y(-10). Let v be o(i). What is the greatest common divisor of 84 and v?
12
Let g be (4 + -5)*(-2 - 0). Suppose -33 = -3*v + 27*d - 23*d, -2*v + g*d = -22. Calculate the greatest common divisor of v and 176.
11
Suppose -97*y = 73*y + 91*y - 57420. Calculate the greatest common factor of 20 and y.
20
Let c be (-92)/(-322) - (-4005)/21. Calculate the greatest common divisor of 764 and c.
191
Let p(x) = x**2 - 4*x + 10. Let v be p(2). Calculate the highest common factor of 1310 and v.
2
Suppose -l + 8 = 2. Let y(f) = -3*f**2 + 8*f + 3. Let g be y(l). Let p = g + 108. Calculate the highest common factor of p and 34.
17
Let n = -2361 - -2497. Calculate the highest common factor of n and 16.
8
Suppose -j + 5*q + 269 = 0, 0 = 2*j + 3*q + q - 622. What is the highest common divisor of j and 481?
13
Let a be ((-46)/(-6) + -9)/(4/(-6)). Suppose -3*z + 718 = -0*z - 2*k, a*k - 1202 = -5*z. Calculate the greatest common divisor of 96 and z.
48
Let c = 4891 + -4881. Calculate the greatest common divisor of 17240 and c.
10
Let s(w) = -w**3 + 6*w**2 + 9*w - 12. Let j be s(7). Let c be 49 - (-1)/6*-3*j. What is the highest common divisor of c and 108?
12
Suppose 3*k - 548 = 376. What is the highest common factor of 133 and k?
7
Suppose 66*c - 83*c + 138176 = 0. What is the highest common factor of c and 127?
127
Suppose a + 828 = 4*j, 6*a = -3*j + 2*a + 640. Let o be (108/45)/((-1)/(60/(-9))). Calculate the greatest common divisor of j and o.
16
Suppose 6312 - 5063 = -97*c + 21328. Suppose 3*d = -z + 23, -4*z - z + 115 = -2*d. Calculate the highest common factor of z and c.
23
Let z = 5920 + -5695. Suppose 5*a - 119 = 2*a + 4*h, -2*a + 3*h + 78 = 0. Calculate the highest common divisor of a and z.
45
Let o be (18/(-7))/((-5)/(-35)). Let g = o + 27. What is the highest common factor of 99 and g?
9
Let d be 12 - (-1)/(11/6688). What is the greatest common factor of d and 140?
20
Let d = 57 - 25. Suppose -4*g + 3*b - 7 = 1, -4*g + 20 = 4*b. Let m(l) = 49*l**2 - 3*l + 2. Let r be m(g). What is the highest common factor of d and r?
16
Let k(b) = 23*b + 57. Let y be k(17). Let x be (1 - (-878)/14) + (-16)/(-56). What is the greatest common divisor of y and x?
64
Suppose 20*j - 709 = 1991. Calculate the highest common divisor of 2385 and j.
45
Suppose 355534 - 24881 = 88*r - 179571. Calculate the greatest common 